 + 179*f**2 - 734*f - 342. Determine i(-183).
24
Let p(i) = -i**2 + 41*i - 125. Calculate p(34).
113
Let q(n) = n**2 - 2*n - 3. Determine q(0).
-3
Let w(d) = d**2 + 543*d - 2200. Calculate w(4).
-12
Let b(g) = -234*g - 24111. Determine b(-103).
-9
Let i(v) = v**3 - 20*v**2 - 67*v - 39. Calculate i(-2).
7
Let j(b) = b**2 + 328*b + 2569. Calculate j(-8).
9
Let p(m) = m**3 + 11*m**2 - 11*m + 11. Calculate p(-12).
-1
Let m(s) = -5450*s + 158056. Determine m(29).
6
Let y(c) = -c**2 - 20*c + 28. Calculate y(-23).
-41
Let d(y) = 65*y + 263. What is d(-4)?
3
Let d(m) = -1202*m + 3605. Calculate d(3).
-1
Let k(c) = 9*c**2 - 165*c - 112. What is k(19)?
2
Let q(j) = -3*j**2 - 31*j - 49. Determine q(-6).
29
Let o(c) = -13*c - 194. Determine o(-3).
-155
Let i(u) = -u**3 - 8*u**2 + 28*u + 176. Calculate i(-9).
5
Let j(k) = 2*k**3 - 54*k**2 + 21*k + 646. What is j(26)?
-160
Let c(h) = -25*h + 147. What is c(10)?
-103
Let q(i) = -i**3 - 17*i**2 + 16*i - 79. What is q(-18)?
-43
Let v(m) = 535*m - 2116. Determine v(4).
24
Let z(w) = w**3 + 26*w**2 + 19*w - 65. What is z(-25)?
85
Let q(z) = 7*z**2 + 13*z + 48. Calculate q(-4).
108
Let c(h) = -2*h**3 - 13*h**2 + 26*h + 141. What is c(-7)?
8
Let v(u) = 56*u - 38. Determine v(2).
74
Let l(h) = 235*h**3 - h**2 + h. Calculate l(1).
235
Let s(y) = -y**3 - 342*y**2 + 3526*y + 2118. Give s(-352).
6
Let p(q) = q**3 - 2*q**2 + 63*q + 257. Determine p(-4).
-91
Let q(u) = u**3 - 38*u + 9. Give q(6).
-3
Let z(l) = -l**3 + 3*l**2 + 6*l + 4. What is z(-1)?
2
Let a(u) = -163*u - 144. Determine a(-1).
19
Let g(i) = 43*i + 329. Calculate g(-19).
-488
Let z(u) = 14*u**3 + 894*u**2 - 126*u + 151. Determine z(-64).
23
Let u(z) = z**2 + 5*z - 5. Determine u(-4).
-9
Let n(p) = 4*p**2 + 33*p + 74. Calculate n(-3).
11
Let o(l) = -22*l + 780. Calculate o(35).
10
Let i(v) = 43*v - 323. Give i(7).
-22
Let b(n) = 65*n**2 + 778*n - 22. Give b(-12).
2
Let d(w) = -4*w**2 - 128*w + 1083. Give d(9).
-393
Let i(c) = -2*c - 22. What is i(21)?
-64
Let i(x) = -x**3 - 15*x**2 - 22*x + 44. Give i(-6).
-148
Let d(q) = 2000*q + 37990. Calculate d(-19).
-10
Let l(z) = z + 88. What is l(-78)?
10
Let o(x) = -329*x - 1162. Determine o(-4).
154
Let z(m) = -m**3 - 4*m**2 - 9*m - 7. What is z(-3)?
11
Let c(s) = s**3 + 16*s**2 + 9*s + 147. What is c(-16)?
3
Let w(a) = 38*a + 24. Determine w(-2).
-52
Let p(z) = -z**3 + 21*z**2 - 91*z - 21. Determine p(6).
-27
Let w(u) = -168*u + 11. Determine w(-1).
179
Let a(t) = t**3 + 3*t**2 + 38*t - 97. Calculate a(2).
-1
Let v(w) = -19*w + 1905. Determine v(100).
5
Let v(o) = o**3 + 4*o**2 - 50*o - 27. Determine v(6).
33
Let q(u) = -u**3 + 4*u**2 + 16*u - 29. What is q(-3)?
-14
Let t(l) = -l**3 + 142*l**2 - 3*l + 471. Calculate t(142).
45
Let w(d) = -d**3 - 62*d**2 - 131*d - 716. Determine w(-60).
-56
Let x(z) = z**2 + 9*z + 32. What is x(-8)?
24
Let q(t) = 3*t**2 - 78*t + 113. What is q(25)?
38
Let h(k) = 58*k**2 - 258*k - 164. What is h(5)?
-4
Let k(c) = 52*c + 181. Determine k(4).
389
Let g(b) = 2*b**2 - 26*b - 4. What is g(4)?
-76
Let n(p) = p**3 - 23*p**2 + 120*p - 301. Give n(17).
5
Let u(a) = -8*a**3 - 158*a**2 - 14*a - 1073. Calculate u(-20).
7
Let v(d) = 2*d - 14. Calculate v(9).
4
Let g(l) = -l**3 + 17*l**2 + 1235*l - 16728. Determine g(13).
3
Let u(w) = -12*w + 1333. Calculate u(62).
589
Let o(c) = -2*c**3 + 98*c**2 - 711*c - 87. Calculate o(9).
-6
Let f(q) = 120*q + 458. Determine f(-2).
218
Let z(c) = 6*c - 71. Determine z(14).
13
Let b(i) = -14*i + 43. Give b(12).
-125
Let b(t) = -9*t**2 - 1723*t - 2476. What is b(-190)?
-6
Let y(b) = b**3 + b**2 - 36*b + 53. Give y(-7).
11
Let z(a) = 3*a**2 + 197*a - 1600. Give z(-73).
6
Let y(k) = 141*k - 1703. Calculate y(12).
-11
Let f(d) = d**3 - 2*d**2 + 12*d - 19. What is f(6)?
197
Let x(r) = -15*r**3 - 9*r**2 + r + 3. What is x(-5)?
1648
Let v(i) = -10*i**2 - 4*i + 9. Calculate v(-5).
-221
Let w(y) = -y**3 + 58*y**2 + 50*y + 523. What is w(59)?
-8
Let a(o) = 12*o**2 + 376*o - 1484. Determine a(4).
212
Let d(v) = v**3 + 15*v**2 - 13*v - 527. Calculate d(-16).
-575
Let a(i) = i**3 - 103*i**2 + 199*i + 320. Determine a(101).
17
Let b(o) = -3382*o - 50726. What is b(-15)?
4
Let x(q) = -4*q**3 + 186*q**2 - 98*q + 357. What is x(46)?
81
Let n(c) = -c**2 - 32*c - 35. Determine n(-16).
221
Let x(t) = -105*t**2 - 6195*t - 6. Determine x(-59).
-6
Let w(t) = -t**3 - t**2 + 347*t + 691. What is w(-2)?
1
Let f(h) = -157*h - 2229. Determine f(-14).
-31
Let i(c) = -3189*c - 15944. Give i(-5).
1
Let d(v) = -v**3 + 5*v**2 + 31*v - 36. Determine d(8).
20
Let b(u) = 12*u + 780. What is b(-64)?
12
Let p(t) = -t**3 + 16*t**2 + 10*t + 113. Calculate p(17).
-6
Let o(t) = 134*t + 4855. What is o(-36)?
31
Let g(q) = q**3 + 39*q**2 + 73*q + 145. Calculate g(-37).
182
Let u(z) = z**3 + 47*z**2 - 3*z - 137. Determine u(-47).
4
Let m(n) = n**3 - n**2 - 246*n - 485. What is m(-2)?
-5
Let j(w) = -3513*w + 368858. Give j(105).
-7
Let d(h) = h**3 - 3*h**2 - 31*h - 12. Give d(5).
-117
Let n(c) = c**3 - 45*c**2 - 91*c - 119. Determine n(47).
22
Let r(p) = -p**2 + 553*p - 20054. Give r(39).
-8
Let n(b) = 5*b**3 + b**2 - b - 41. Determine n(0).
-41
Let v(o) = -o**3 + 103*o**2 - 299*o - 91. What is v(100)?
9
Let v(b) = 2*b**2 + 55*b - 332. Determine v(5).
-7
Let x(b) = -430*b - 51. What is x(1)?
-481
Let v(p) = 5210*p + 67738. Give v(-13).
8
Let i(v) = -3*v**3 - 11*v**2 - 2*v + 1. Calculate i(-5).
111
Let k(o) = -o**2 + 16*o - 68. Give k(14).
-40
Let s(r) = r**3 - 123*r**2 + 355*r + 610. What is s(120)?
10
Let c(m) = 2*m**3 - 80*m**2 + m - 18. Calculate c(40).
22
Let r(m) = m**2 - 10. Determine r(19).
351
Let p(f) = 3*f**2 - 396*f + 4231. Determine p(120).
-89
Let t(u) = 2776*u + 19432. Give t(-7).
0
Let x(k) = k**3 - 28*k**2 - k + 35. Give x(28).
7
Let v(h) = -h**3 + 63*h**2 - 336*h - 39. Determine v(6).
-3
Let j(y) = y**2 + 7*y - 312. Give j(15).
18
Let f(z) = -2*z**3 - 92*z**2 + 35*z + 1610. What is f(-46)?
0
Let i(h) = -201*h - 61. What is i(-1)?
140
Let u(w) = -w + 10. What is u(0)?
10
Let k(j) = -195*j + 4222. Calculate k(21).
127
Let b(f) = -5*f + 21. Give b(-2).
31
Let f(u) = -9*u - 49. What is f(-6)?
5
Let s(k) = 126*k + 15253. Calculate s(-121).
7
Let q(k) = 49*k + 879. Give q(-14).
193
Let h(x) = 296*x - 46168. Determine h(156).
8
Let t(p) = 3*p**2 + 10*p - 48. Calculate t(3).
9
Let v(f) = 12*f**2 - 32*f + 17. Give v(3).
29
Let n(a) = -40*a - 814. Give n(-21).
26
Let d(n) = -n**3 + 12*n**2 + 24*n - 234. What is d(12)?
54
Let d(a) = a**2 - 13*a + 69. Calculate d(5).
29
Let t(l) = -35*l**2 - 5*l + 12. Determine t(3).
-318
Let i(t) = -3*t**3 + 29*t**2 - 7*t - 24. What is i(9)?
75
Let d(x) = -2*x**3 + x - 26. Determine d(0).
-26
Let w(r) = -118*r + 1525. What is w(13)?
-9
Let u(l) = 14*l - 122. Give u(6).
-38
Let v(p) = -p**3 + 26*p**2 - 49*p + 20. Calculate v(24).
-4
Let a(k) = -14*k + 38. What is a(-18)?
290
Let c(z) = -32*z - 87. Give c(-3).
9
Let v(m) = 5*m**3 + 47*m**2 + 7*m + 22. Calculate v(-9).
121
Let o(k) = -298*k - 1789. Give o(-6).
-1
Let x(r) = r**2 - 30*r + 34. Determine x(25).
-91
Let g(n) = -2*n**3 - 11*n**2 + 2*n + 5. Calculate g(-6).
29
Let s(o) = -4*o**3 + 6*o**2 - 14*o - 11. Determine s(3).
-107
Let n(h) = h**3 + 55*h**2 - 155*h + 1080. Give n(-58).
-22
Let h(r) = 140*r + 3202. Determine h(-24).
-158
Let w(j) = 2*j**3 + 38*j**2 + 161*j + 61. Determine w(-13).
-4
Let b(w) = w**3 + 48*w**2 + 97*w + 2330. Give b(-47).
-20
Let h(j) = 8*j + 234. What is h(-31)?
-14
Let x(j) = -36*j - 9. What is x(-3)?
99
Let m(n) = -n**3 - 10*n**2 - 545*n - 5450. Determine m(-10).
0
Let l(c) = 765*c - 3049. Give l(4).
11
Let q(z) = 200*z - 197. Calculate q(1).
3
Let o(x) = 17*x**3 - 205*x**2 - 3*x + 183. Calculate o(12).
3
Let g(h) = 4*h**3 - 6*h**2 - 12*h - 3. What is g(6)?
573
Let o(f) = f**3 - 3*f**2 - 12*f + 103. What is o(6)?
139
Let o(a) = -a**3 + 56*a**2 + 442*a + 12. Give o(-7).
5
Let g(q) = q**3 + 11*q**2 - 6*q + 84. What is g(-12)?
12
Let a(u) = 8*u + 69. What is a(5)?
109
Let h(k) = 4728*k - 18912. Give h(4).
0
Let p(q) = -q**3 + 17*q**2 - 42*q + 35. Give p(14).
35
Let d(y) = 2*y**3 - 6*y**2 - 10*y - 4. Give d(-1).
-2
Let b(t) = -48*t**3 - 432*t**2 + 3*t + 21. Give b(-9).
-6
Let k(u) = -u**3 + 14*u**2 + 190*u - 2519. Calculate k(16).
9
Let a(y) = -y**3 + 2*y**2 + 6*y - 65. Calculate a(